 8.
214
-3 (base 7) to base 2
-11
-11 (base 4) to base 10
-5
What is 21 (base 5) in base 9?
12
-3 (base 10) to base 4
-3
-4 (base 10) to base 11
-4
What is 35 (base 6) in base 15?
18
Convert -12 (base 7) to base 9.
-10
What is -5 (base 7) in base 12?
-5
What is -32 (base 11) in base 7?
-50
What is 2 (base 14) in base 16?
2
-104 (base 6) to base 14
-2c
Convert -14 (base 10) to base 5.
-24
3 (base 14) to base 7
3
What is -14 (base 10) in base 7?
-20
Convert 191 (base 13) to base 12.
1bb
What is 140 (base 6) in base 13?
48
What is -321 (base 6) in base 4?
-1321
Convert 0 (base 4) to base 13.
0
-24 (base 7) to base 16
-12
Convert 6 (base 12) to base 2.
110
-3 (base 15) to base 4
-3
-3 (base 8) to base 14
-3
Convert -1 (base 16) to base 5.
-1
-67 (base 15) to base 10
-97
0 (base 7) to base 5
0
5 (base 7) to base 4
11
Convert -10 (base 3) to base 2.
-11
What is 14 (base 8) in base 11?
11
Convert 173 (base 8) to base 5.
443
Convert -101 (base 2) to base 3.
-12
Convert 14 (base 16) to base 9.
22
What is 2 (base 16) in base 2?
10
6 (base 13) to base 5
11
What is 4 (base 12) in base 4?
10
What is 14 (base 10) in base 5?
24
What is 9f (base 16) in base 11?
135
Convert -37 (base 13) to base 4.
-232
What is -67 (base 13) in base 10?
-85
39 (base 13) to base 12
40
Convert -3 (base 15) to base 4.
-3
29 (base 16) to base 15
2b
-31 (base 7) to base 6
-34
What is 11 (base 2) in base 11?
3
21 (base 9) to base 13
16
4 (base 7) to base 16
4
1 (base 13) to base 5
1
What is 40 (base 6) in base 2?
11000
What is -53 (base 6) in base 12?
-29
Convert -22 (base 6) to base 4.
-32
38 (base 11) to base 15
2b
What is 3 (base 13) in base 12?
3
Convert 22 (base 8) to base 7.
24
-120 (base 4) to base 12
-20
What is -141 (base 5) in base 13?
-37
Convert -4 (base 8) to base 6.
-4
What is 11 (base 2) in base 6?
3
What is 1011 (base 2) in base 15?
b
Convert 122 (base 4) to base 11.
24
-1b (base 14) to base 6
-41
-3 (base 12) to base 6
-3
Convert 100 (base 2) to base 6.
4
-2 (base 3) to base 8
-2
-12 (base 9) to base 12
-b
What is 18 (base 11) in base 8?
23
What is -2200 (base 4) in base 6?
-424
5 (base 12) to base 14
5
What is 0 (base 12) in base 3?
0
Convert 2 (base 12) to base 9.
2
What is 5 (base 8) in base 13?
5
Convert -2 (base 9) to base 8.
-2
What is -2 (base 5) in base 16?
-2
Convert 4 (base 5) to base 9.
4
1 (base 9) to base 5
1
4 (base 14) to base 16
4
Convert 1 (base 2) to base 6.
1
What is -10 (base 2) in base 16?
-2
What is 56 (base 13) in base 11?
65
What is -10200 (base 3) in base 7?
-201
2 (base 3) to base 13
2
-11 (base 15) to base 13
-13
29 (base 16) to base 5
131
Convert 63 (base 15) to base 16.
5d
What is 2 (base 6) in base 13?
2
Convert -41 (base 13) to base 10.
-53
-51 (base 14) to base 16
-47
Convert -71 (base 15) to base 5.
-411
Convert -1 (base 5) to base 6.
-1
Convert -52 (base 9) to base 6.
-115
Convert 11 (base 2) to base 16.
3
-2 (base 11) to base 5
-2
-100 (base 8) to base 6
-144
-b (base 14) to base 13
-b
20 (base 6) to base 2
1100
What is -1100111 (base 2) in base 13?
-7c
What is 3 (base 13) in base 2?
11
What is ab (base 16) in base 2?
10101011
Convert -3 (base 6) to base 4.
-3
Convert -16 (base 11) to base 6.
-25
Convert -1043 (base 5) to base 10.
-148
What is 5 (base 14) in base 11?
5
Convert -65 (base 7) to base 13.
-38
What is 314 (base 5) in base 7?
150
-100 (base 8) to base 13
-4c
-2 (base 14) to base 10
-2
What is -32 (base 12) in base 16?
-26
Convert 108 (base 15) to base 11.
1a2
Convert -163 (base 9) to base 3.
-12010
What is -2 (base 3) in base 13?
-2
Convert -10 (base 14) to base 4.
-32
5 (base 15) to base 3
12
What is -2 (base 15) in base 6?
-2
-d8 (base 14) to base 10
-190
20001 (base 3) to base 10
163
What is 55 (base 6) in base 13?
29
Convert 2b (base 16) to base 9.
47
3 (base 11) to base 5
3
Convert 12 (base 7) to base 13.
9
What is 105 (base 7) in base 14?
3c
11 (base 2) to base 8
3
Convert 10001 (base 2) to base 9.
18
1 (base 2) to base 3
1
What is 122 (base 4) in base 3?
222
4 (base 16) to base 5
4
What is -102 (base 3) in base 4?
-23
Convert 5 (base 9) to base 7.
5
What is -2 (base 7) in base 10?
-2
Convert 5 (base 13) to base 5.
10
What is -26 (base 11) in base 10?
-28
What is -20 (base 7) in base 13?
-11
Convert -5 (base 7) to base 13.
-5
What is 43 (base 7) in base 14?
23
Convert 16 (base 10) to base 15.
11
0 (base 10) to base 8
0
Convert 10 (base 2) to base 13.
2
-4 (base 9) to base 16
-4
What is -17 (base 14) in base 2?
-10101
Convert -11200 (base 4) to base 13.
-211
What is 59 (base 14) in base 11?
72
What is 53 (base 14) in base 16?
49
-2 (base 8) to base 13
-2
Convert -20 (base 3) to base 6.
-10
-2 (base 9) to base 7
-2
What is -11 (base 4) in base 9?
-5
-56 (base 10) to base 13
-44
What is -13 (base 11) in base 13?
-11
What is -22 (base 8) in base 9?
-20
-11111 (base 2) to base 12
-27
-5 (base 11) to base 14
-5
What is 101 (base 4) in base 10?
17
-55 (base 16) to base 2
-1010101
What is -72 (base 12) in base 10?
-86
Convert 4 (base 8) to base 10.
4
Convert 13 (base 15) to base 12.
16
-1d (base 15) to base 5
-103
Convert -20 (base 9) to base 5.
-33
What is -15 (base 14) in base 15?
-14
What is -9 (base 10) in base 15?
-9
1221 (base 3) to base 11
48
-3 (base 11) to base 16
-3
What is 31 (base 16) in base 12?
41
65 (base 12) to base 16
4d
Convert -3 (base 7) to base 13.
-3
-12 (base 4) to base 12
-6
Convert -140 (base 6) to base 16.
-3c
Convert -9 (base 10) to base 8.
-11
What is 0 (base 12) in base 6?
0
-1 (base 12) to base 14
-1
-3132 (base 4) to base 10
-222
-23 (base 4) to base 6
-15
Convert 3 (base 12) to base 2.
11
What is 11 (base 6) in base 4?
13
What is 1111 (base 2) in base 6?
23
Convert 4b (base 13) to base 12.
53
-2 (base 5) to base 2
-10
Convert 1200 (base 4) to base 15.
66
-1002 (base 4) to base 3
-2110
Convert -2 (base 4) to base 3.
-2
1 (base 5) to base 12
1
4 (base 7) to base 4
10
23 (base 4) to base 2
1011
What is -24 (base 15) in base 9?
-37
Convert -220 (base 5) to base 6.
-140
What is -312 (base 5) in base 4?
-1102
-11020 (base 3) to base 12
-96
5 (base 12) to base 9
5
What is 1a (base 16) in base 10?
26
What is -10 (base 8) in base 7?
-11
What is 333 (base 7) in base 2?
10101011
Convert 39 (base 12) to base 11.
41
What is 89 (base 14) in base 9?
144
What is 0 (base 3) in base 9?
0
Convert 1021 (base 3) to base 14.
26
Convert 10203 (base 4) to base 14.
16b
-3 (base 14) to base 5
-3
-1a (base 14) to base 8
-30
Convert 66 (base 10) to base 5.
231
What is -90 (base 10) in base 13?
-6c
31 (base 5) to base 11
15
5d (base 15) to base 3
10021
What is -6 (base 9) in base 7?
-6
Convert 111 (base 2) to base 7.
10
What is -4 (base 10) in base 4?
-10
-4 (base 11) to base 14
-4
Convert -4 (base 15) to base 8.
-4
Convert -13 (base 11) to base 9.
-15
Convert 0 (base 7) to base 11.
0
Convert 3 (base 6) to base 4.
3
What is -15 (base 15) in base 11?
-19
What is 3 (base 13) in base 5?
3
-58 (base 14) to base 10
-78
What is 11 (base 9) in base 6?
14
Convert 102 (base 4) to base 13.
15
Convert -15 (base 13) to base 7.
-24
What is 29 (base 12) in base 16?
21
-10 (base 7) to base 2
-111
What is 11 (base 3) in base 4?
10
1221 (base 3) to base 15
37
20 (base 3) to base 2
110
What is 20 (base 14) in base 8?
34
What is 1 (base 12) in base 2?
1
Convert 5 (base 15) to base 8.
5
Convert -11 (base 9) to base 6.
-14
3 (base 15) to base 9
3
1 (base 7) to base 3
1
What is -a (base 13) in base 10?
-10
-2 (base 12) to base 8
-2
0 (base 7) to base 10
0
What is -6 (base 15) in base 4?
-12
Convert 1 (base 9) to base 14.
1
10 (base 3) to base 13
3
Convert -166 (base 8) to base 7.
-226
Convert 48 (base 15) to base 4.
1010
Convert 33 (base 4) to base 13.
12
What is -32 (base 11) in base 12?
-2b
Convert 2000 (base 3) to base 8.
66
Convert -2 (base 11) to base 14.
-2
What is -100 (base 3) in base 13?
-9
-d4 (base 15) to base 16
-c7
What is -1 (base 14) in base 3?
-1
Convert -4 (base 11) to base 9.
-4
40 (base 6) to base 10
24
What is -35 (base 16) in base 6?
-125
69 (base 10) to base 5
234
Convert 1 (base 7) to base 10.
1
What is -1 (base 6) in base 2?
-1
1 (base 11) to base 8
1
Convert 5 (base 10) to base 14.
5
Convert 14 (base 13) to base 14.
13
Convert -27 (base 16) to base 9.
-43
Convert 0 (base 11) to base 13.
0
-29 (base 11) to base 1